{"id":556,"date":"2016-01-05T13:48:12","date_gmt":"2016-01-05T12:48:12","guid":{"rendered":"http:\/\/aquiyahora.org\/?page_id=556"},"modified":"2016-01-05T13:59:27","modified_gmt":"2016-01-05T12:59:27","slug":"trilogies","status":"publish","type":"page","link":"https:\/\/aquiyahora.org\/?page_id=556","title":{"rendered":"Trilogies de Milongas"},"content":{"rendered":"<p><strong>DATES\u00a0<\/strong><\/p>\n<table>\n<tbody>\n<tr>\n<td style=\"text-align: center;\" colspan=\"3\" width=\"614\"><span style=\"color: #993300;\"><strong>TRILOGIE D&rsquo;HIVER 2016<\/strong><\/span><\/td>\n<\/tr>\n<tr>\n<td style=\"text-align: center;\" width=\"205\"><strong>\u00a0<\/strong><strong>17 JANVIER<\/strong><br \/>\n17h Atelier<strong> Milonga-Vals<\/strong><br \/>\nTarif 20 \u20ac (Milonga inclus)<br \/>\n19h\u00a0<strong>Milonga<\/strong>\u00a0PAF 5 \u20ac<\/td>\n<td style=\"text-align: center;\" width=\"205\"><strong>7 FEVRIER<\/strong><br \/>\n17h Atelier <strong>Capoeira &#8211; Tango<\/strong><br \/>\nTarif 20 \u20ac (Milonga inclus)<br \/>\n19h <strong>Milonga<\/strong>\u00a0PAF 5 \u20ac<\/td>\n<td style=\"text-align: center;\" width=\"205\"><strong>13 MARS<\/strong><br \/>\n17h Atelier <strong>Technique Femme<br \/>\n<\/strong><em>Tarif 20 <\/em>\u20ac (Milonga inclus)<br \/>\n19h <strong>Milonga<\/strong>\u00a0<em>PAF 5 <\/em>\u20ac<\/td>\n<\/tr>\n<\/tbody>\n<\/table>\n<p><strong>Atelier<\/strong> <strong>Milonga-Vals<\/strong><br \/>\n<em>Travailler une structure rythmique de Milonga pour la transposer au rythme du Vals.<\/em><\/p>\n<p><strong>Atelier Capoeira &#8211;<\/strong> <strong>Tango<\/strong><br \/>\n<em>Cet atelier permet de d\u00e9couvrir l&rsquo;univers de la Capoeira en trouvant les liens des fondamentaux du Tango.<\/em><\/p>\n<p><strong>Atelier Technique Femme<br \/>\n<\/strong><em>Ax\u00e9 sur la technique des femmes dans le Tango: Approfondir la connaissance du mouvement pour danser avec libert\u00e9 et pr\u00e9cision.<\/em><strong><br \/>\n<\/strong><\/p>\n<p>&nbsp;<\/p>\n<table style=\"height: 144px;\" width=\"604\">\n<tbody>\n<tr>\n<td style=\"text-align: center;\" colspan=\"3\" width=\"614\"><span style=\"color: #993300;\"><strong>TRILOGIE PRINTEMPS\u00a02016<\/strong><\/span><\/td>\n<\/tr>\n<tr>\n<td style=\"text-align: center;\" width=\"205\"><strong>AVRIL<\/strong><\/td>\n<td style=\"text-align: center;\" width=\"205\"><strong>MAI<\/strong><\/td>\n<td style=\"text-align: center;\" width=\"205\"><strong>JUILLIET<\/strong><\/td>\n<\/tr>\n<\/tbody>\n<\/table>\n","protected":false},"excerpt":{"rendered":"<p>DATES\u00a0 TRILOGIE D&rsquo;HIVER 2016 \u00a017 JANVIER 17h Atelier Milonga-Vals Tarif 20 \u20ac (Milonga inclus) 19h\u00a0Milonga\u00a0PAF 5 \u20ac 7 FEVRIER 17h Atelier Capoeira &#8211; Tango Tarif 20 \u20ac (Milonga inclus) 19h Milonga\u00a0PAF 5 \u20ac 13 MARS 17h Atelier Technique Femme Tarif 20 \u20ac (Milonga inclus) 19h Milonga\u00a0PAF 5 \u20ac Atelier Milonga-Vals Travailler une structure rythmique de [&hellip;]<\/p>\n","protected":false},"author":5,"featured_media":0,"parent":0,"menu_order":0,"comment_status":"closed","ping_status":"closed","template":"","meta":{"footnotes":""},"class_list":["post-556","page","type-page","status-publish","hentry"],"_links":{"self":[{"href":"https:\/\/aquiyahora.org\/index.php?rest_route=\/wp\/v2\/pages\/556","targetHints":{"allow":["GET"]}}],"collection":[{"href":"https:\/\/aquiyahora.org\/index.php?rest_route=\/wp\/v2\/pages"}],"about":[{"href":"https:\/\/aquiyahora.org\/index.php?rest_route=\/wp\/v2\/types\/page"}],"author":[{"embeddable":true,"href":"https:\/\/aquiyahora.org\/index.php?rest_route=\/wp\/v2\/users\/5"}],"replies":[{"embeddable":true,"href":"https:\/\/aquiyahora.org\/index.php?rest_route=%2Fwp%2Fv2%2Fcomments&post=556"}],"version-history":[{"count":4,"href":"https:\/\/aquiyahora.org\/index.php?rest_route=\/wp\/v2\/pages\/556\/revisions"}],"predecessor-version":[{"id":559,"href":"https:\/\/aquiyahora.org\/index.php?rest_route=\/wp\/v2\/pages\/556\/revisions\/559"}],"wp:attachment":[{"href":"https:\/\/aquiyahora.org\/index.php?rest_route=%2Fwp%2Fv2%2Fmedia&parent=556"}],"curies":[{"name":"wp","href":"https:\/\/api.w.org\/{rel}","templated":true}]}}